the prime factors of 48/g*t/3.
2
What are the prime factors of 2994*(-8)/(-15 + -1)?
3, 499
Let w(f) = -f**3 + 3*f**2 + 4*f - 2. Let g be w(4). Let r be g*(-3 + 4) - 52. What are the prime factors of r/(-10)*110/33?
2, 3
Let c(l) = -l. Let d(m) = -9*m + 21. Let q(v) = -18*c(v) + d(v). What are the prime factors of q(9)?
2, 3, 17
Let f = -24 - -36. Let t = f - 12. Let b = t + 16. What are the prime factors of b?
2
Suppose 0 = 3*f - 1172 - 6139. What are the prime factors of f?
2437
Let g = -2 - -2. Suppose -5*f - 10 = -10*f. Suppose h - f = -g. List the prime factors of h.
2
Let l = -989 - -1911. List the prime factors of l.
2, 461
Suppose 7*j - 702 = -2*j. Suppose -2*c = -d + j, -5*c - 66 = -d - 0*d. What are the prime factors of d?
2, 43
Let r be 2 + -3 + 12 + -3. What are the prime factors of -30*(-4 + 28/r)?
3, 5
Suppose 4*k = y + 10422, 5*k + 4*y = 7683 + 5334. List the prime factors of k.
5, 521
Suppose -7 = -12*h + 17. Suppose -o - 46 = -126. Suppose -3*s + o = h*s. List the prime factors of s.
2
Suppose 0 = 5*v - 15. Let h be (-14)/(-21) - 2/v. Suppose y - 35 = -h*y. List the prime factors of y.
5, 7
Let u(k) = k - 1. Let z be u(3). Let y = 2 - z. Suppose -3*d + y*d + 45 = 3*j, 2*d + 21 = j. What are the prime factors of j?
17
Suppose 5*n - 30 = -0. Let t = -1 + n. Suppose -5 = -t*k + x + 35, -5*k + 3*x = -40. List the prime factors of k.
2
Suppose -2*f + 4 = -f. Suppose -3*v - 27 = -f*v. Let x = -4 + v. List the prime factors of x.
23
Suppose -22*o = -13*o - 1674. List the prime factors of o.
2, 3, 31
Suppose 15*s - 385 = 14*s. List the prime factors of s.
5, 7, 11
Suppose 0 = 3*v + 12, 2*s = 3*v + 16 + 8. What are the prime factors of -2 + 2 - (-177)/s*6?
3, 59
Let c(h) = h**2 - 4*h**2 + 2 - h**3 + 2 - 2 - 2*h. What are the prime factors of c(-5)?
2, 31
Let h(l) = 154*l**3 + 3*l**2 - 6*l + 4. What are the prime factors of h(1)?
5, 31
Let v(z) = -9*z + 82. Let r be v(-31). Suppose 0 = s + 5*a - 351, 1966 = 5*s - 5*a + r. List the prime factors of s.
2, 163
Suppose -7542 = -7*z - 2306. List the prime factors of z.
2, 11, 17
Suppose 2*b + 52 = -2*b. Let n(a) = -a + 5. Let i be n(b). Suppose 3*k + 3*k = i. List the prime factors of k.
3
Let d = -526 - -1234. What are the prime factors of d?
2, 3, 59
Let y(b) be the first derivative of 2*b**3/3 + 7*b**2/2 - 49. List the prime factors of y(-5).
3, 5
Suppose 5*l = 3*z + 1021, -z - z - 200 = -l. List the prime factors of l.
2, 103
Let r(b) = -b**3 - 16*b**2 - 14*b - 11. Let c(f) = 3*f + 29. Let h be c(-15). What are the prime factors of r(h)?
3, 71
Let q = -1883 - -3156. List the prime factors of q.
19, 67
Let w = 163 - -318. What are the prime factors of w?
13, 37
Suppose 282 = -0*j - 4*j + 2*t, 0 = 4*j - 4*t + 280. Let y = -48 - j. List the prime factors of y.
23
Let w(t) = t**3 + 3*t**3 - 5*t**3 - 2*t - 3*t**2 - 5 + 2. Suppose -20 = -5*s, 0*s = -4*k + 4*s - 32. List the prime factors of w(k).
3, 7
Let a(g) be the second derivative of g**7/2520 - g**6/360 - g**5/30 - g**4/12 + 3*g. Let n(q) be the third derivative of a(q). List the prime factors of n(-4).
2, 5
Let f = -33 + 64. Let g = 81 - f. List the prime factors of g.
2, 5
Let j = -90 - -92. Suppose 63 = j*k - 279. List the prime factors of k.
3, 19
Let a = 42 - 38. Suppose 5*k = a*k + 24. What are the prime factors of k?
2, 3
Let q be (-498)/(-3)*3/6. Suppose q + 74 = d. Suppose 0 = 4*p - 4*j - 160, -d = -3*p + 2*j - 32. List the prime factors of p.
3, 5
Let u be 2 + -3 + 0 - -71. Let s = 188 - u. What are the prime factors of s?
2, 59
Let k = -695 + 841. What are the prime factors of k?
2, 73
Suppose 11*i + 648 = 15*i - 3*f, -2*i + 4*f + 334 = 0. List the prime factors of i.
3, 53
Suppose 0 = -409*h + 417*h - 12952. What are the prime factors of h?
1619
Let t(k) = k**3 - 3*k**2 - 86*k + 53. List the prime factors of t(17).
3, 293
Let c(m) = -20*m + 12. Let b be (-1)/(-3*(-6)/54). What are the prime factors of c(b)?
2, 3
Let y be (-62)/(-4) - 6/(-12). Let d = -15 + y. List the prime factors of 1*(46 - 0)*d.
2, 23
Let f = -38 + 86. Suppose 2*h = 2*k - f - 56, 2*k = 4*h + 114. What are the prime factors of ((-4)/(-2))/2*k?
47
Let t = -1584 - -2994. List the prime factors of t.
2, 3, 5, 47
Let o = 25 - 29. Let s(j) = j**3 + 4*j**2 - 2*j - 5. Let m be s(o). Suppose 5*l = 15, m*l + 74 = 2*t + l. What are the prime factors of t?
2, 5
Let v = -106 + 98. Let l(m) = 3*m**2 + 5*m - 11. What are the prime factors of l(v)?
3, 47
Let v(h) = 69*h**3 + 5*h**2 - h - 13. What are the prime factors of v(3)?
2, 11, 43
Suppose -886*o = -882*o - 6464. What are the prime factors of o?
2, 101
Let i = -75 - -118. Suppose i*b = 41*b + 76. List the prime factors of b.
2, 19
Suppose -8*n = -2700 - 4604. List the prime factors of n.
11, 83
Let f be -1*12/(-1) - 0. Suppose r - z - f = 0, -4*r - 4*z - 24 = -88. Let c = r + -11. List the prime factors of c.
3
Let c(h) = -h**2 + 4*h + 1. Let r(z) = z**2 - 2*z - 1. Let y(t) = 2*c(t) + 5*r(t). Let o = 0 - 2. What are the prime factors of y(o)?
13
Suppose 392*r = 406*r - 21280. What are the prime factors of r?
2, 5, 19
Let i = 270 - 159. What are the prime factors of i?
3, 37
Let b(s) = -2*s - 6. Let z be b(5). Suppose 8*d = 11*d + 27. Let p = d - z. List the prime factors of p.
7
What are the prime factors of (3/3)/((-7)/7126*-2)?
509
Let u be (-2 + 2 + 0)/2. Let k = 31 + -29. Suppose 0 = -5*s - 3*p + 270, -4*s + p + k + 214 = u. List the prime factors of s.
2, 3
Suppose 5*n - 9705 = -2*k, -44*k + 39*k = 5*n - 24270. What are the prime factors of k?
5, 971
Let w(x) = -64*x + 669. List the prime factors of w(0).
3, 223
Let n = 3 - 1. Let q be (4 - 1 - 299/26)*-2. Suppose -c = -n, -b + 3 = c - q. What are the prime factors of b?
2, 3
Let w be 3*(-4)/30 + 13/(-5). Let c(v) = -4*v - 4 - 2*v - 9*v. List the prime factors of c(w).
41
Suppose 12*j - 9*j - 807 = 0. Let g = j + -152. List the prime factors of g.
3, 13
Suppose -x = -2*x - 157. What are the prime factors of 4/7 + x/(-7)?
23
Suppose -y - 2*m + 5084 = 127, 5*y - 5*m - 24785 = 0. List the prime factors of y.
4957
Let t(o) = -o**2 - 9*o - 16. Let m be t(-6). Suppose 0 = -4*y - 2*x + 246, -m*y + 5*y = -3*x + 180. What are the prime factors of y?
3, 7
Suppose -z = z + 734. Let c = -212 - z. Suppose 0 = 5*a - 60 - c. What are the prime factors of a?
43
Let w(u) = -4*u - 8. Suppose 3*q + 0*q = -15. Let j be w(q). Suppose -j*y = -8*y - 16. What are the prime factors of y?
2
Let p(q) = 11*q + 10 - 2 - 2. Let k be p(5). Suppose 5*i - 59 - k = 0. List the prime factors of i.
2, 3
Let w = 45 + -55. What are the prime factors of (168/20)/((-3)/w)?
2, 7
What are the prime factors of -4 - (-77)/22 - 121/(-2)?
2, 3, 5
Let q(w) = w. Let p(u) = -2*u - 11. Let b(i) = -p(i) + 5*q(i). Let h be b(9). Suppose -2*d + h = 2*f, -5*f + 0*f + 173 = d. What are the prime factors of f?
2, 17
Suppose -109070 = -22*g - 43*g. List the prime factors of g.
2, 839
Let r be ((-6)/5)/(6/(-15)). Suppose -r*x = -x + 4*z + 4, 5*z = -5. List the prime factors of 5*(-6)/(-15) - x.
2
Let j(y) = y**3 - 7*y**2. Let x be j(7). Let q be x/5*2/6. Suppose -9*c + 4*c + 95 = q. List the prime factors of c.
19
Let x be 2/(-6) + 7/3. Let i = x - 1. Let z = 10 - i. List the prime factors of z.
3
Suppose -7*c + 90 = -5*c. List the prime factors of 1*(-6)/(-1)*c/18.
3, 5
Suppose 37*k = 38*k + 20. Let a = k + 142. What are the prime factors of a?
2, 61
Let q be 6/(-15) - ((-522)/5)/6. Suppose 2*m - p = 41, -5 = p - 0*p. Let a = q + m. What are the prime factors of a?
5, 7
What are the prime factors of (346 - (6 - 6))/2?
173
Suppose -5*d + 2*d + 4*b + 17 = 0, 3*b = 5*d - 43. Let r = d - -4. List the prime factors of r.
3, 5
What are the prime factors of 6/45 - (-62230)/150?
5, 83
Suppose 3*k - 3*b + 2*b = 6, -k - 5*b + 2 = 0. Suppose -2*g + 164 = 2*n, -3*n + 57 = -k*n - 4*g. What are the prime factors of n?
7, 11
Let t be ((-2)/3)/(6/(-45)). Suppose -t*c - 5*f + 38 + 57 = 0, -4*f = 12. Let r = 29 - c. What are the prime factors of r?
7
Suppose 29 = 2*s - 5*c, c + 3 = -3*s + 2*s. Suppose 0 = -2*t + b, -3*t - s*t - 3*b = -11. Suppose 5 = p + t. What are the prime factors of p?
2
Let l = 119 - 84. What are the prime factors of l?
5, 7
Let g(y) = -507*y + 20. List the prime factors of g(-1).
17, 31
Suppose 3912 = -18*m +